{"id":381,"date":"2025-04-23T00:23:56","date_gmt":"2025-04-22T22:23:56","guid":{"rendered":"https:\/\/emhing.com\/?page_id=381"},"modified":"2025-05-16T13:36:11","modified_gmt":"2025-05-16T11:36:11","slug":"pmo","status":"publish","type":"page","link":"https:\/\/emhing.com\/index.php\/pmo\/","title":{"rendered":"PMO"},"content":{"rendered":"\n<h2 class=\"wp-block-heading\">M\u00e9tier du PMO<\/h2>\n\n\n\n<figure class=\"wp-block-image aligncenter size-large is-resized\"><img loading=\"lazy\" decoding=\"async\" width=\"1024\" height=\"1024\" src=\"http:\/\/emhing.com\/wp-content\/uploads\/2025\/03\/meme-model-que-la-premiere-photo-ci-dessous-mais-pour-des-infographie-et-projet-management-monotone-1024x1024.png\" alt=\"\" class=\"wp-image-71\" style=\"width:250px\" srcset=\"https:\/\/emhing.com\/wp-content\/uploads\/2025\/03\/meme-model-que-la-premiere-photo-ci-dessous-mais-pour-des-infographie-et-projet-management-monotone-1024x1024.png 1024w, https:\/\/emhing.com\/wp-content\/uploads\/2025\/03\/meme-model-que-la-premiere-photo-ci-dessous-mais-pour-des-infographie-et-projet-management-monotone-300x300.png 300w, https:\/\/emhing.com\/wp-content\/uploads\/2025\/03\/meme-model-que-la-premiere-photo-ci-dessous-mais-pour-des-infographie-et-projet-management-monotone-150x150.png 150w, https:\/\/emhing.com\/wp-content\/uploads\/2025\/03\/meme-model-que-la-premiere-photo-ci-dessous-mais-pour-des-infographie-et-projet-management-monotone-768x768.png 768w, https:\/\/emhing.com\/wp-content\/uploads\/2025\/03\/meme-model-que-la-premiere-photo-ci-dessous-mais-pour-des-infographie-et-projet-management-monotone.png 1120w\" sizes=\"auto, (max-width: 1024px) 100vw, 1024px\" \/><\/figure>\n\n\n\n<p><em>Le PMO EMHING est bien plus qu\u2019un bureau de gestion de projet : c\u2019est un levier strat\u00e9gique pour transformer la complexit\u00e9 en r\u00e9sultats tangibles. En combinant agilit\u00e9, rigueur m\u00e9thodologique et outils collaboratifs, nous alignons vos projets avec vos ambitions business.<\/em><\/p>\n\n\n\n<ul class=\"wp-block-list\">\n<li><strong>M\u00e9thodes Agiles adapt\u00e9es<\/strong>&nbsp;: Sprints de revue, r\u00e9trospectives, tableaux Kanban pour les \u00e9quipes terrain.<\/li>\n\n\n\n<li><strong>Suivi collaboratif<\/strong>&nbsp;: Outils visuels (Jira, Trello) pour un partage en temps r\u00e9el.<\/li>\n\n\n\n<li><strong>Priorisation dynamique<\/strong>&nbsp;: R\u00e9allocation des ressources en fonction des urgences et des risques.<\/li>\n<\/ul>\n","protected":false},"excerpt":{"rendered":"<p>M\u00e9tier du PMO Le PMO EMHING est bien plus qu\u2019un bureau de gestion de projet : c\u2019est un levier strat\u00e9gique pour transformer la complexit\u00e9 en r\u00e9sultats tangibles. En combinant agilit\u00e9, rigueur m\u00e9thodologique et outils collaboratifs, nous alignons vos projets avec vos ambitions business.<\/p>\n","protected":false},"author":1,"featured_media":0,"parent":0,"menu_order":0,"comment_status":"closed","ping_status":"closed","template":"","meta":{"footnotes":""},"class_list":["post-381","page","type-page","status-publish","hentry"],"_links":{"self":[{"href":"https:\/\/emhing.com\/index.php\/wp-json\/wp\/v2\/pages\/381","targetHints":{"allow":["GET"]}}],"collection":[{"href":"https:\/\/emhing.com\/index.php\/wp-json\/wp\/v2\/pages"}],"about":[{"href":"https:\/\/emhing.com\/index.php\/wp-json\/wp\/v2\/types\/page"}],"author":[{"embeddable":true,"href":"https:\/\/emhing.com\/index.php\/wp-json\/wp\/v2\/users\/1"}],"replies":[{"embeddable":true,"href":"https:\/\/emhing.com\/index.php\/wp-json\/wp\/v2\/comments?post=381"}],"version-history":[{"count":3,"href":"https:\/\/emhing.com\/index.php\/wp-json\/wp\/v2\/pages\/381\/revisions"}],"predecessor-version":[{"id":445,"href":"https:\/\/emhing.com\/index.php\/wp-json\/wp\/v2\/pages\/381\/revisions\/445"}],"wp:attachment":[{"href":"https:\/\/emhing.com\/index.php\/wp-json\/wp\/v2\/media?parent=381"}],"curies":[{"name":"wp","href":"https:\/\/api.w.org\/{rel}","templated":true}]}}