{"id":382,"date":"2025-04-23T00:23:50","date_gmt":"2025-04-22T22:23:50","guid":{"rendered":"https:\/\/emhing.com\/?page_id=382"},"modified":"2025-05-26T15:56:39","modified_gmt":"2025-05-26T13:56:39","slug":"opc","status":"publish","type":"page","link":"https:\/\/emhing.com\/index.php\/opc\/","title":{"rendered":"OPC"},"content":{"rendered":"\n<h2 class=\"wp-block-heading\">M\u00e9tier de l&#8217;OPC<\/h2>\n\n\n\n<figure class=\"wp-block-image aligncenter size-large is-resized\"><img loading=\"lazy\" decoding=\"async\" width=\"1024\" height=\"1024\" src=\"http:\/\/emhing.com\/wp-content\/uploads\/2025\/04\/planning-Gantt-chart-sur-la-base-des-couleur-comme-8B98A0-1024x1024.jpg\" alt=\"\" class=\"wp-image-106\" style=\"width:250px\" srcset=\"https:\/\/emhing.com\/wp-content\/uploads\/2025\/04\/planning-Gantt-chart-sur-la-base-des-couleur-comme-8B98A0-1024x1024.jpg 1024w, https:\/\/emhing.com\/wp-content\/uploads\/2025\/04\/planning-Gantt-chart-sur-la-base-des-couleur-comme-8B98A0-300x300.jpg 300w, https:\/\/emhing.com\/wp-content\/uploads\/2025\/04\/planning-Gantt-chart-sur-la-base-des-couleur-comme-8B98A0-150x150.jpg 150w, https:\/\/emhing.com\/wp-content\/uploads\/2025\/04\/planning-Gantt-chart-sur-la-base-des-couleur-comme-8B98A0-768x768.jpg 768w, https:\/\/emhing.com\/wp-content\/uploads\/2025\/04\/planning-Gantt-chart-sur-la-base-des-couleur-comme-8B98A0.jpg 1120w\" sizes=\"auto, (max-width: 1024px) 100vw, 1024px\" \/><\/figure>\n\n\n\n<p><em>EMHING a plac\u00e9 l\u2019<strong>OPC<\/strong>\u00a0au c\u0153ur de sa valeur ajout\u00e9e. Dans un secteur o\u00f9 les projets se complexifient (contraintes logistiques, r\u00e9glementations accrues, multiplicit\u00e9 des intervenants), notre expertise en OPC est\u00a0<strong>historique et diff\u00e9renciante<\/strong>. Elle incarne notre capacit\u00e9 \u00e0 transformer des d\u00e9fis techniques et organisationnels en succ\u00e8s op\u00e9rationnels, qu\u2019il s\u2019agisse de b\u00e2timent, de transport routier, d\u2019infrastructures fluviales et ferroviaires ou de projets hybrides.<\/em><\/p>\n\n\n\n<ul class=\"wp-block-list\">\n<li><strong>Outils de planification avanc\u00e9s<\/strong>&nbsp;: Gantt interactif, planning Chemin de Fer, logiciels collaboratifs (PowerProject, Primavera).<\/li>\n\n\n\n<li><strong>Optimisation financi\u00e8re<\/strong>&nbsp;: Suivi rigoureux des engagements (factures, p\u00e9nalit\u00e9s de retard).<\/li>\n\n\n\n<li><strong>Efficacit\u00e9 \u00e9nerg\u00e9tique<\/strong>&nbsp;: Int\u00e9gration des contraintes \u00e9nerg\u00e9tiques d\u00e8s la planification (ex : \u00e9quipements low-carbon).<\/li>\n<\/ul>\n","protected":false},"excerpt":{"rendered":"<p>M\u00e9tier de l&#8217;OPC EMHING a plac\u00e9 l\u2019OPC\u00a0au c\u0153ur de sa valeur ajout\u00e9e. Dans un secteur o\u00f9 les projets se complexifient (contraintes logistiques, r\u00e9glementations accrues, multiplicit\u00e9 des intervenants), notre expertise en OPC est\u00a0historique et diff\u00e9renciante. Elle incarne notre capacit\u00e9 \u00e0 transformer des d\u00e9fis techniques et organisationnels en succ\u00e8s op\u00e9rationnels, qu\u2019il s\u2019agisse de b\u00e2timent, de transport routier, [&hellip;]<\/p>\n","protected":false},"author":1,"featured_media":0,"parent":0,"menu_order":0,"comment_status":"closed","ping_status":"closed","template":"","meta":{"footnotes":""},"class_list":["post-382","page","type-page","status-publish","hentry"],"_links":{"self":[{"href":"https:\/\/emhing.com\/index.php\/wp-json\/wp\/v2\/pages\/382","targetHints":{"allow":["GET"]}}],"collection":[{"href":"https:\/\/emhing.com\/index.php\/wp-json\/wp\/v2\/pages"}],"about":[{"href":"https:\/\/emhing.com\/index.php\/wp-json\/wp\/v2\/types\/page"}],"author":[{"embeddable":true,"href":"https:\/\/emhing.com\/index.php\/wp-json\/wp\/v2\/users\/1"}],"replies":[{"embeddable":true,"href":"https:\/\/emhing.com\/index.php\/wp-json\/wp\/v2\/comments?post=382"}],"version-history":[{"count":3,"href":"https:\/\/emhing.com\/index.php\/wp-json\/wp\/v2\/pages\/382\/revisions"}],"predecessor-version":[{"id":466,"href":"https:\/\/emhing.com\/index.php\/wp-json\/wp\/v2\/pages\/382\/revisions\/466"}],"wp:attachment":[{"href":"https:\/\/emhing.com\/index.php\/wp-json\/wp\/v2\/media?parent=382"}],"curies":[{"name":"wp","href":"https:\/\/api.w.org\/{rel}","templated":true}]}}