{"id":87,"date":"2025-04-06T23:28:03","date_gmt":"2025-04-06T21:28:03","guid":{"rendered":"https:\/\/emhing.com\/?page_id=87"},"modified":"2025-05-06T01:38:32","modified_gmt":"2025-05-05T23:38:32","slug":"a-propos","status":"publish","type":"page","link":"https:\/\/emhing.com\/index.php\/a-propos\/","title":{"rendered":"A propos"},"content":{"rendered":"\n<h1 class=\"wp-block-heading\"><strong>\u00c0 propos d\u2019EMHING<\/strong><\/h1>\n\n\n\n<div class=\"wp-block-columns is-layout-flex wp-container-core-columns-is-layout-28f84493 wp-block-columns-is-layout-flex\">\n<div class=\"wp-block-column is-layout-flow wp-block-column-is-layout-flow\" style=\"flex-basis:66.66%\">\n<blockquote class=\"wp-block-quote is-layout-flow wp-block-quote-is-layout-flow\">\n<p><strong>EMHING<\/strong>\u00a0est une soci\u00e9t\u00e9 jeune, agile et r\u00e9solument tourn\u00e9e vers l\u2019avenir.<br>Elle est n\u00e9e d\u2019un constat simple : dans un environnement de plus en plus complexe et exigeant, les projets d\u2019envergure ont besoin de partenaires capables d\u2019allier\u00a0<strong>vision strat\u00e9gique, rigueur op\u00e9rationnelle et capacit\u00e9 d\u2019innovation<\/strong>.<\/p>\n<\/blockquote>\n<\/div>\n\n\n\n<div class=\"wp-block-column is-layout-flow wp-block-column-is-layout-flow\" style=\"flex-basis:33.33%\">\n<figure class=\"wp-block-image size-large is-resized\"><img loading=\"lazy\" decoding=\"async\" width=\"819\" height=\"1024\" src=\"http:\/\/emhing.com\/wp-content\/uploads\/2025\/04\/24-09-17-523d-819x1024.jpg\" alt=\"\" class=\"wp-image-346\" style=\"width:176px;height:auto\" srcset=\"https:\/\/emhing.com\/wp-content\/uploads\/2025\/04\/24-09-17-523d-819x1024.jpg 819w, https:\/\/emhing.com\/wp-content\/uploads\/2025\/04\/24-09-17-523d-240x300.jpg 240w, https:\/\/emhing.com\/wp-content\/uploads\/2025\/04\/24-09-17-523d-768x960.jpg 768w, https:\/\/emhing.com\/wp-content\/uploads\/2025\/04\/24-09-17-523d-1229x1536.jpg 1229w, https:\/\/emhing.com\/wp-content\/uploads\/2025\/04\/24-09-17-523d-864x1080.jpg 864w, https:\/\/emhing.com\/wp-content\/uploads\/2025\/04\/24-09-17-523d.jpg 1600w\" sizes=\"auto, (max-width: 819px) 100vw, 819px\" \/><\/figure>\n<\/div>\n<\/div>\n\n\n\n<hr class=\"wp-block-separator has-alpha-channel-opacity\"\/>\n\n\n\n<p class=\"has-medium-font-size\">Derri\u00e8re EMHING, il y a une expertise solide : celle de son fondateur et pr\u00e9sident,&nbsp;<strong>Elias MAXI HANNA<\/strong>, qui cumule&nbsp;<strong>plus de 15 ans d\u2019exp\u00e9rience<\/strong>&nbsp;dans la conduite et le pilotage de projets majeurs, tant dans les infrastructures que dans le b\u00e2timent.<\/p>\n\n\n\n<p>EMHING intervient dans les domaines de l\u2019<strong>infrastructure ferroviaire<\/strong>, du&nbsp;<strong>transport<\/strong>, des&nbsp;<strong>ouvrages d\u2019art<\/strong>, de l\u2019<strong>am\u00e9nagement urbain<\/strong>, de la&nbsp;<strong>voirie<\/strong>, des&nbsp;<strong>b\u00e2timents complexes<\/strong>&nbsp;et des&nbsp;<strong>\u00e9tablissements recevant du public (ERP)<\/strong>.<\/p>\n\n\n\n<p>Nos expertises couvrent l\u2019ensemble du cycle de vie d\u2019un projet \u00e0 travers trois m\u00e9tiers compl\u00e9mentaires :<\/p>\n\n\n\n<ul class=\"wp-block-list\">\n<li><strong>Assistance \u00e0 Ma\u00eetrise d\u2019Ouvrage (AMO)<\/strong><\/li>\n\n\n\n<li><strong>Pilotage de Projet (PMO)<\/strong><\/li>\n\n\n\n<li><strong>Ordonnancement, Pilotage et Coordination (OPC)<\/strong><\/li>\n<\/ul>\n\n\n\n<p>Nous accompagnons les&nbsp;<strong>grands donneurs d\u2019ordre publics et priv\u00e9s<\/strong>, ainsi que les&nbsp;<strong>ma\u00eetrises d\u2019\u0153uvre<\/strong>&nbsp;et partenaires techniques, dans la conduite de projets structurants et strat\u00e9giques.<\/p>\n\n\n\n<hr class=\"wp-block-separator has-alpha-channel-opacity\"\/>\n\n\n\n<h4 class=\"wp-block-heading\"><strong>Notre approche<\/strong><\/h4>\n\n\n\n<p>Chez EMHING, nous avons b\u00e2ti notre ADN autour de trois piliers essentiels :<\/p>\n\n\n\n<ul class=\"wp-block-list\">\n<li><strong>Polyvalence sans compromis sur la qualit\u00e9<\/strong>&nbsp;: nous savons nous adapter aux contextes, aux acteurs et aux exigences, tout en maintenant un haut niveau d\u2019exigence dans la m\u00e9thode comme dans l\u2019ex\u00e9cution.<\/li>\n\n\n\n<li><strong>Courage et transparence dans le pilotage<\/strong>&nbsp;: nous croyons qu\u2019un bon accompagnement passe par une parole franche, dite au bon moment, pour permettre aux d\u00e9cideurs de faire les meilleurs choix, en conscience.<\/li>\n\n\n\n<li><strong>Innovation comme levier d\u2019efficacit\u00e9<\/strong>&nbsp;: nous misons sur des outils simples, robustes, \u00e9prouv\u00e9s et puissants. L\u2019intelligence artificielle y tient une place centrale, non comme gadget, mais comme acc\u00e9l\u00e9rateur de clart\u00e9, de pr\u00e9cision et de pilotage.<\/li>\n<\/ul>\n\n\n\n<hr class=\"wp-block-separator has-alpha-channel-opacity\"\/>\n\n\n\n<p><strong>EMHING<\/strong>, c\u2019est une structure ind\u00e9pendante, r\u00e9active et engag\u00e9e, fond\u00e9e sur une vision \u00e0 la fois humaine, technique et tourn\u00e9e vers l\u2019avenir du pilotage de projet.<\/p>\n\n\n\n<p>Nous ne nous contentons pas d\u2019accompagner les projets : nous contribuons \u00e0 les rendre plus fluides, plus lisibles, plus performants.<\/p>\n","protected":false},"excerpt":{"rendered":"<p>\u00c0 propos d\u2019EMHING EMHING\u00a0est une soci\u00e9t\u00e9 jeune, agile et r\u00e9solument tourn\u00e9e vers l\u2019avenir.Elle est n\u00e9e d\u2019un constat simple : dans un environnement de plus en plus complexe et exigeant, les projets d\u2019envergure ont besoin de partenaires capables d\u2019allier\u00a0vision strat\u00e9gique, rigueur op\u00e9rationnelle et capacit\u00e9 d\u2019innovation. Derri\u00e8re EMHING, il y a une expertise solide : celle de [&hellip;]<\/p>\n","protected":false},"author":1,"featured_media":0,"parent":0,"menu_order":2,"comment_status":"closed","ping_status":"closed","template":"wp-custom-template-a-propos","meta":{"footnotes":""},"class_list":["post-87","page","type-page","status-publish","hentry"],"_links":{"self":[{"href":"https:\/\/emhing.com\/index.php\/wp-json\/wp\/v2\/pages\/87","targetHints":{"allow":["GET"]}}],"collection":[{"href":"https:\/\/emhing.com\/index.php\/wp-json\/wp\/v2\/pages"}],"about":[{"href":"https:\/\/emhing.com\/index.php\/wp-json\/wp\/v2\/types\/page"}],"author":[{"embeddable":true,"href":"https:\/\/emhing.com\/index.php\/wp-json\/wp\/v2\/users\/1"}],"replies":[{"embeddable":true,"href":"https:\/\/emhing.com\/index.php\/wp-json\/wp\/v2\/comments?post=87"}],"version-history":[{"count":5,"href":"https:\/\/emhing.com\/index.php\/wp-json\/wp\/v2\/pages\/87\/revisions"}],"predecessor-version":[{"id":436,"href":"https:\/\/emhing.com\/index.php\/wp-json\/wp\/v2\/pages\/87\/revisions\/436"}],"wp:attachment":[{"href":"https:\/\/emhing.com\/index.php\/wp-json\/wp\/v2\/media?parent=87"}],"curies":[{"name":"wp","href":"https:\/\/api.w.org\/{rel}","templated":true}]}}