{"id":88,"date":"2025-04-07T23:38:34","date_gmt":"2025-04-07T21:38:34","guid":{"rendered":"https:\/\/emhing.com\/?page_id=88"},"modified":"2025-06-29T11:12:22","modified_gmt":"2025-06-29T09:12:22","slug":"experiences","status":"publish","type":"page","link":"https:\/\/emhing.com\/index.php\/experiences\/","title":{"rendered":"Experiences"},"content":{"rendered":"\n<h2 class=\"wp-block-heading has-text-align-center\"><strong>Nos exp\u00e9riences<\/strong><\/h2>\n\n\n\n<hr class=\"wp-block-separator has-alpha-channel-opacity\"\/>\n\n\n\n<p class=\"has-text-align-center\"><strong>EMHING est une jeune entreprise, mais elle ne part pas de z\u00e9ro.<\/strong><br>Elle repose sur un socle solide : plus de 10 ans d&#8217;exp\u00e9rience de son fondateur sur des projets d&#8217;envergure, dans des environnements techniques, complexes et pluri-acteurs.<\/p>\n\n\n\n<p class=\"has-text-align-center\">Ce n\u2019est pas une promesse, mais un&nbsp;<strong>h\u00e9ritage professionnel d\u00e9j\u00e0 structurant<\/strong>&nbsp;pour notre fa\u00e7on d\u2019intervenir, de planifier et de piloter.<\/p>\n\n\n\n<p class=\"has-text-align-center\">Les r\u00e9f\u00e9rences ci-dessous retracent les&nbsp;<strong>exp\u00e9riences du fondateur d\u2019EMHING<\/strong>, r\u00e9alis\u00e9es dans diff\u00e9rentes entreprises, o\u00f9 il a conduit des missions d\u2019<strong>OPC, d\u2019AMO et de PMO<\/strong>.<\/p>\n\n\n\n<p class=\"has-text-align-center\">Aujourd\u2019hui, ce savoir-faire est pleinement mobilis\u00e9 dans les interventions men\u00e9es par EMHING et dans le&nbsp;<strong>pilotage des \u00e9quipes en op\u00e9ration<\/strong>.<\/p>\n\n\n\n<div style=\"height:34px\" aria-hidden=\"true\" class=\"wp-block-spacer\"><\/div>\n\n\n\n<div class=\"wp-block-file aligncenter\"><a id=\"wp-block-file--media-bc800097-4f77-454f-b47f-dd18781a6bd7\" href=\"http:\/\/emhing.com\/wp-content\/uploads\/2025\/06\/CV-a-Jour-EMH-EMHING-pour-le-site.pdf\" target=\"_blank\" rel=\"noreferrer noopener\">CV Elias MAXI HANNA<\/a><a href=\"http:\/\/emhing.com\/wp-content\/uploads\/2025\/06\/CV-a-Jour-EMH-EMHING-pour-le-site.pdf\" class=\"wp-block-file__button wp-element-button\" download aria-describedby=\"wp-block-file--media-bc800097-4f77-454f-b47f-dd18781a6bd7\">T\u00e9l\u00e9charger<\/a><\/div>\n\n\n<div  ><style id=\"sp_lcp_dynamic_css484\">div#logo-carousel-free-484.logo-carousel-free .sp-lc-logo{border: 1px none #dddddd;border-radius: 0px;overflow: hidden;}div#logo-carousel-free-484.logo-carousel-free .sp-lc-logo:hover{border-color: #16a08b;}#logo-carousel-free-484.sp-lc-container .sp-lc-pagination .swiper-pagination-bullet {background-color: #dddddd;margin: 0 4px;}#logo-carousel-free-484.sp-lc-container .sp-lc-pagination .swiper-pagination-bullet.swiper-pagination-bullet-active{background-color: #16a08b; }#logo-carousel-free-484.sp-lc-container .sp-logo-carousel {padding-top: 46px;}#logo-carousel-free-484.sp-lc-container .sp-lc-button-prev,#logo-carousel-free-484.sp-lc-container .sp-lc-button-next {color: #aaaaaa;background: transparent;border: 1px solid #aaaaaa;line-height: 28px;}#logo-carousel-free-484.sp-lc-container .sp-lc-button-prev:hover,#logo-carousel-free-484.sp-lc-container .sp-lc-button-next:hover{background-color: #16a08b;color: #ffffff;border-color: #16a08b;}@media only screen and (max-width: 576px) {} .logo-carousel-free-area#logo-carousel-free-484{position: relative;}#lcp-preloader-484{position: absolute;left: 0;top: 0;height: 100%;width: 100%;text-align: center;display: flex;align-items: center;justify-content: center;background: #fff;z-index: 9999;} .logo-carousel-free-area#logo-carousel-free-484 .sp-logo-carousel-section-title{margin-bottom: 30px;}#logo-carousel-free-484 .sp-lc-grid-container { justify-content: left; align-items: center; } #logo-carousel-free-484 .swiper-wrapper .swiper-slide { align-self: center; }#logo-carousel-free-484 .sp-lc-grid-container {margin-left: -50px;margin-right: -50px;width: calc( 100% + 100px);}#logo-carousel-free-484 .sp-lc-grid-container [class*=\"lc-col\"] {padding-left: 50px;padding-right: 50px;padding-bottom: 20px;}@media screen and (min-width: 1200px ){.logo-carousel-free-area#logo-carousel-free-484 .sp-logo-carousel:not([class*=\"-initialized\"]) > .swiper-wrapper {display: flex;width: calc( 100% + 100px );}.logo-carousel-free-area#logo-carousel-free-484 .sp-logo-carousel:not([class*=\"-initialized\"]) > .swiper-wrapper > .swiper-slide {width: 25%;padding-right: 100px;}}<\/style>\n<div id='logo-carousel-free-484' class=\"logo-carousel-free logo-carousel-free-area sp-lc-container\">\n\t\t\t<div id=\"lcp-preloader-484\" class=\"sp-logo-carousel-preloader\"><img decoding=\"async\" src=\"https:\/\/emhing.com\/wp-content\/plugins\/logo-carousel-free\/admin\/assets\/images\/spinner.svg\" class=\"skip-lazy\" alt=\"Loader Image\"\/><\/div>\n\t\t\t<div id=\"sp-logo-carousel-id-484\" class=\"swiper-container sp-logo-carousel  lcp-preloader\" dir=\"ltr\" data-carousel='{ \"speed\":600,\"spaceBetween\": 100, \"autoplay\": true, \"infinite\":true, \"autoplay_speed\": 3000, \"stop_onHover\": true, \"pagination\": true, \"navigation\": true, \"MobileNav\": true, \"MobilePagi\": true, \"simulateTouch\": true,\"freeMode\": false,\"swipeToSlide\": false, \"carousel_accessibility\": true,\"adaptiveHeight\": false,\"allowTouchMove\": true, \"slidesPerView\": { \"lg_desktop\": 4, \"desktop\": 4, \"tablet\": 3, \"mobile\": 1, \"mobile_landscape\": 2 } }' data-carousel-starts-onscreen=\"false\">\n\t\t<div class=\"swiper-wrapper\">\n\t\t\t\t<div class=\"swiper-slide\"><div class=\"sp-lc-logo\"><img loading=\"lazy\" decoding=\"async\" src=\"https:\/\/emhing.com\/wp-content\/uploads\/2025\/05\/image-6834552-20220421-ob_8b255d_81-5fc6581a822f9-orig-1-300x213.png\" title=\"\" alt=\"\" width=\"300\" height=\"213\" class=\"sp-lc-image skip-lazy\"><\/div><\/div>\n\t\t<div class=\"swiper-slide\"><div class=\"sp-lc-logo\"><img loading=\"lazy\" decoding=\"async\" src=\"https:\/\/emhing.com\/wp-content\/uploads\/2025\/05\/logo-sncf-reseau-300x212.png\" title=\"\" alt=\"\" width=\"300\" height=\"212\" class=\"sp-lc-image skip-lazy\"><\/div><\/div>\n\t\t<div class=\"swiper-slide\"><div class=\"sp-lc-logo\"><img loading=\"lazy\" decoding=\"async\" src=\"https:\/\/emhing.com\/wp-content\/uploads\/2025\/05\/unnamed-300x300.png\" title=\"\" alt=\"\" width=\"300\" height=\"300\" class=\"sp-lc-image skip-lazy\"><\/div><\/div>\n\t\t<div class=\"swiper-slide\"><div class=\"sp-lc-logo\"><img loading=\"lazy\" decoding=\"async\" src=\"https:\/\/emhing.com\/wp-content\/uploads\/2025\/05\/logo-mae.png\" title=\"\" alt=\"\" width=\"207\" height=\"162\" class=\"sp-lc-image skip-lazy\"><\/div><\/div>\n\t\t<div class=\"swiper-slide\"><div class=\"sp-lc-logo\"><img loading=\"lazy\" decoding=\"async\" src=\"https:\/\/emhing.com\/wp-content\/uploads\/2025\/05\/000016489-300x103.jpg\" title=\"\" alt=\"\" width=\"300\" height=\"103\" class=\"sp-lc-image skip-lazy\"><\/div><\/div>\n\t\t<div class=\"swiper-slide\"><div class=\"sp-lc-logo\"><img loading=\"lazy\" decoding=\"async\" src=\"https:\/\/emhing.com\/wp-content\/uploads\/2025\/04\/logo-300x132.jpg\" title=\"\" alt=\"\" width=\"300\" height=\"132\" class=\"sp-lc-image skip-lazy\"><\/div><\/div>\n\t\t<div class=\"swiper-slide\"><div class=\"sp-lc-logo\"><img loading=\"lazy\" decoding=\"async\" src=\"https:\/\/emhing.com\/wp-content\/uploads\/2025\/05\/HAROPA_logo-300x109.png\" title=\"\" alt=\"\" width=\"300\" height=\"109\" class=\"sp-lc-image skip-lazy\"><\/div><\/div>\n\t\t\t<\/div>\n\n\t\t\t\t\t<div class=\"sp-lc-pagination swiper-pagination dots\"><\/div>\n\t\t\t\t\t\t<div class=\"sp-lc-button-next\"><i class=\"fa fa-angle-right\"><\/i><\/div>\n\t\t\t<div class=\"sp-lc-button-prev\"><i class=\"fa fa-angle-left\"><\/i><\/div>\n\t\t\t\t<\/div>\n<\/div>\n<\/div>","protected":false},"excerpt":{"rendered":"<p>Nos exp\u00e9riences EMHING est une jeune entreprise, mais elle ne part pas de z\u00e9ro.Elle repose sur un socle solide : plus de 10 ans d&#8217;exp\u00e9rience de son fondateur sur des projets d&#8217;envergure, dans des environnements techniques, complexes et pluri-acteurs. Ce n\u2019est pas une promesse, mais un&nbsp;h\u00e9ritage professionnel d\u00e9j\u00e0 structurant&nbsp;pour notre fa\u00e7on d\u2019intervenir, de planifier et [&hellip;]<\/p>\n","protected":false},"author":1,"featured_media":0,"parent":0,"menu_order":3,"comment_status":"closed","ping_status":"closed","template":"","meta":{"footnotes":""},"class_list":["post-88","page","type-page","status-publish","hentry"],"_links":{"self":[{"href":"https:\/\/emhing.com\/index.php\/wp-json\/wp\/v2\/pages\/88","targetHints":{"allow":["GET"]}}],"collection":[{"href":"https:\/\/emhing.com\/index.php\/wp-json\/wp\/v2\/pages"}],"about":[{"href":"https:\/\/emhing.com\/index.php\/wp-json\/wp\/v2\/types\/page"}],"author":[{"embeddable":true,"href":"https:\/\/emhing.com\/index.php\/wp-json\/wp\/v2\/users\/1"}],"replies":[{"embeddable":true,"href":"https:\/\/emhing.com\/index.php\/wp-json\/wp\/v2\/comments?post=88"}],"version-history":[{"count":17,"href":"https:\/\/emhing.com\/index.php\/wp-json\/wp\/v2\/pages\/88\/revisions"}],"predecessor-version":[{"id":533,"href":"https:\/\/emhing.com\/index.php\/wp-json\/wp\/v2\/pages\/88\/revisions\/533"}],"wp:attachment":[{"href":"https:\/\/emhing.com\/index.php\/wp-json\/wp\/v2\/media?parent=88"}],"curies":[{"name":"wp","href":"https:\/\/api.w.org\/{rel}","templated":true}]}}